{"version":"1.0","provider_name":"Das Euro Akademie Magazin","provider_url":"https:\/\/www.euroakademie.de\/magazin","author_name":"Redaktion","author_url":"https:\/\/www.euroakademie.de\/magazin\/author\/redaktion\/","title":"Altenpflegepreis 2018 - Mobilit\u00e4t erhalten \/ Euro Akademie Magazin","type":"rich","width":600,"height":338,"html":"<blockquote class=\"wp-embedded-content\" data-secret=\"XlM2uYbD0i\"><a href=\"https:\/\/www.euroakademie.de\/magazin\/altenpflegepreis-2018-mobilitaet-erhalten\/\">Linktipp: AltenpflegePreis 2018: \u201eMobilit\u00e4t f\u00f6rdern \u2013 Selbstst\u00e4ndigkeit erhalten\u201c<\/a><\/blockquote><iframe sandbox=\"allow-scripts\" security=\"restricted\" src=\"https:\/\/www.euroakademie.de\/magazin\/altenpflegepreis-2018-mobilitaet-erhalten\/embed\/#?secret=XlM2uYbD0i\" width=\"600\" height=\"338\" title=\"&#8222;Linktipp: AltenpflegePreis 2018: \u201eMobilit\u00e4t f\u00f6rdern \u2013 Selbstst\u00e4ndigkeit erhalten\u201c&#8220; &#8211; Das Euro Akademie Magazin\" data-secret=\"XlM2uYbD0i\" frameborder=\"0\" marginwidth=\"0\" marginheight=\"0\" scrolling=\"no\" class=\"wp-embedded-content\"><\/iframe><script type=\"text\/javascript\">\n\/* <![CDATA[ *\/\n\/*! This file is auto-generated *\/\n!function(d,l){\"use strict\";l.querySelector&&d.addEventListener&&\"undefined\"!=typeof URL&&(d.wp=d.wp||{},d.wp.receiveEmbedMessage||(d.wp.receiveEmbedMessage=function(e){var t=e.data;if((t||t.secret||t.message||t.value)&&!\/[^a-zA-Z0-9]\/.test(t.secret)){for(var s,r,n,a=l.querySelectorAll('iframe[data-secret=\"'+t.secret+'\"]'),o=l.querySelectorAll('blockquote[data-secret=\"'+t.secret+'\"]'),c=new RegExp(\"^https?:$\",\"i\"),i=0;i<o.length;i++)o[i].style.display=\"none\";for(i=0;i<a.length;i++)s=a[i],e.source===s.contentWindow&&(s.removeAttribute(\"style\"),\"height\"===t.message?(1e3<(r=parseInt(t.value,10))?r=1e3:~~r<200&&(r=200),s.height=r):\"link\"===t.message&&(r=new URL(s.getAttribute(\"src\")),n=new URL(t.value),c.test(n.protocol))&&n.host===r.host&&l.activeElement===s&&(d.top.location.href=t.value))}},d.addEventListener(\"message\",d.wp.receiveEmbedMessage,!1),l.addEventListener(\"DOMContentLoaded\",function(){for(var e,t,s=l.querySelectorAll(\"iframe.wp-embedded-content\"),r=0;r<s.length;r++)(t=(e=s[r]).getAttribute(\"data-secret\"))||(t=Math.random().toString(36).substring(2,12),e.src+=\"#?secret=\"+t,e.setAttribute(\"data-secret\",t)),e.contentWindow.postMessage({message:\"ready\",secret:t},\"*\")},!1)))}(window,document);\n\/\/# sourceURL=https:\/\/www.euroakademie.de\/magazin\/wp-includes\/js\/wp-embed.min.js\n\/* ]]> *\/\n<\/script>\n","thumbnail_url":"https:\/\/www.euroakademie.de\/magazin\/wp-content\/uploads\/2018\/05\/shutterstock_367740017_702x336_web.jpg","thumbnail_width":702,"thumbnail_height":336,"description":"Sie haben ein tolles Team aus Altenpflegern, Altenpflegehelfern und Betreuungskr\u00e4ften? Au\u00dferdem k\u00f6nnen Sie mit einem \u00fcberzeugenden Konzept zur F\u00f6rderung der Mobilit\u00e4t von pflegebed\u00fcrftigen Bewohnern punkten? Dann bewerben Sie sich bis zum 20. Juli f\u00fcr den AltenpflegePreis 2018!"}

Altenpflegepreis 2018 - Mobilität erhalten / Euro Akademie Magazin

<blockquote class="wp-embedded-content" data-secret="XlM2uYbD0i"><a href="https://www.euroakademie.de/magazin/altenpflegepreis-2018-mobilitaet-erhalten/">Linktipp: AltenpflegePreis 2018: „Mobilität fördern – Selbstständigkeit erhalten“</a></blockquote><iframe sandbox="allow-scripts" security="restricted" src="https://www.euroakademie.de/magazin/altenpflegepreis-2018-mobilitaet-erhalten/embed/#?secret=XlM2uYbD0i" width="600" height="338" title="&#8222;Linktipp: AltenpflegePreis 2018: „Mobilität fördern – Selbstständigkeit erhalten“&#8220; &#8211; Das Euro Akademie Magazin" data-secret="XlM2uYbD0i" frameborder="0" marginwidth="0" marginheight="0" scrolling="no" class="wp-embedded-content"></iframe><script type="text/javascript">
/* <![CDATA[ */
/*! This file is auto-generated */
!function(d,l){"use strict";l.querySelector&&d.addEventListener&&"undefined"!=typeof URL&&(d.wp=d.wp||{},d.wp.receiveEmbedMessage||(d.wp.receiveEmbedMessage=function(e){var t=e.data;if((t||t.secret||t.message||t.value)&&!/[^a-zA-Z0-9]/.test(t.secret)){for(var s,r,n,a=l.querySelectorAll('iframe[data-secret="'+t.secret+'"]'),o=l.querySelectorAll('blockquote[data-secret="'+t.secret+'"]'),c=new RegExp("^https?:$","i"),i=0;i<o.length;i++)o[i].style.display="none";for(i=0;i<a.length;i++)s=a[i],e.source===s.contentWindow&&(s.removeAttribute("style"),"height"===t.message?(1e3<(r=parseInt(t.value,10))?r=1e3:~~r<200&&(r=200),s.height=r):"link"===t.message&&(r=new URL(s.getAttribute("src")),n=new URL(t.value),c.test(n.protocol))&&n.host===r.host&&l.activeElement===s&&(d.top.location.href=t.value))}},d.addEventListener("message",d.wp.receiveEmbedMessage,!1),l.addEventListener("DOMContentLoaded",function(){for(var e,t,s=l.querySelectorAll("iframe.wp-embedded-content"),r=0;r<s.length;r++)(t=(e=s[r]).getAttribute("data-secret"))||(t=Math.random().toString(36).substring(2,12),e.src+="#?secret="+t,e.setAttribute("data-secret",t)),e.contentWindow.postMessage({message:"ready",secret:t},"*")},!1)))}(window,document);
//# sourceURL=https://www.euroakademie.de/magazin/wp-includes/js/wp-embed.min.js
/* ]]> */
</script>

Sie haben ein tolles Team aus Altenpflegern, Altenpflegehelfern und Betreuungskräften? Außerdem können Sie mit einem überzeugenden Konzept zur Förderung der Mobilität von pflegebedürftigen Bewohnern punkten? Dann bewerben Sie sich bis zum 20. Juli für den AltenpflegePreis 2018!
